mmon divisor of h and z?
13
Let p(a) = a**3 + 23*a**2 - 11*a - 25. Let g be p(-23). Calculate the greatest common divisor of g and 152.
76
Suppose -4*f = -k - 5, -7*f + 3*f - 1 = -3*k. Let h = k + 1. Suppose -h*j = -0*j - 48. What is the highest common factor of j and 36?
12
Let k(b) = -b**3 - 31*b**2 - 11*b - 26. Let d be k(-31). What is the highest common factor of d and 7?
7
Let g(s) = -2*s + 1. Let b be g(-5). Suppose f + 60 - 55 = 0. Let c = f + b. Calculate the greatest common divisor of c and 6.
6
Suppose -4 = 2*g, -3*y + 2*g = -0*g - 367. Suppose 119 = 5*x - y. Suppose 3*q = -2*q + 60. What is the greatest common divisor of x and q?
12
Let w be (-2 - 0)/(0 - 1). Suppose w*o - 3*y = 24, 4*y = -0*o - 3*o + 19. What is the greatest common factor of o and 27?
9
Let a(v) = 3*v + 9. Let g be a(-7). Let b(j) = j + 23. Let m be b(g). Calculate the greatest common divisor of m and 22.
11
Suppose -6*a + 107 = -25. Calculate the greatest common factor of a and 594.
22
Suppose 5*m - 4*y = 136, 6*m + 5*y = 2*m + 76. Let s = 94 - 78. Let r be (s/6)/(14/63). Calculate the greatest common factor of m and r.
12
Let d(p) = -p**3 - 11*p**2 + 6*p + 5. Let a be (16/28)/(6/105). Let t be -1*a - (2 + 0). Let r be d(t). Calculate the greatest common factor of r and 11.
11
Suppose 0 = 4*t - 3*u - 428, -3*u - 2*u - 200 = -2*t. Let g be 301/14 + (-1)/(-2). What is the highest common factor of g and t?
22
Suppose 0 = -4*x - 26*x + 780. What is the greatest common divisor of 2 and x?
2
Let x be 34 + (-6 - -2) + 0. Suppose -x = 5*d - 8*d. Calculate the highest common divisor of d and 5.
5
Let f be (0/1 - 147/(-21)) + -8 + 5. Let y be (2 + -2 - -22) + -2. What is the greatest common factor of y and f?
4
Let p(a) = -a**3 + 77*a**2 - 432*a + 49. Let m be p(6). Suppose -4*j + 0*j + 364 = 0. Calculate the highest common divisor of m and j.
13
Let g = 684 - 648. What is the highest common factor of g and 192?
12
Suppose 2*l + 1 - 9 = -2*a, -16 = -4*a + l. What is the greatest common divisor of 16 and a?
4
Let j = 47 + -44. Suppose 4*g + g - 56 = -3*q, j*q - 44 = -2*g. What is the highest common divisor of q and 4?
4
Let z be 16/(-56) + (-2)/(-7). Suppose z = -0*t - t + 5. Suppose d = -5*a + 41, -5*d = t*a - 22 - 163. Calculate the greatest common factor of 54 and d.
18
Let r(j) = j**3 - j**2 + 3*j - 6. Let a be r(2). Calculate the greatest common factor of 20 and a.
4
Let q be 1186/11 + (-4)/(-22). Suppose -17*i = -15*i - 12. Suppose i*w + 216 = 12*w. What is the highest common divisor of q and w?
36
Let h(q) = -4 - 11*q**2 + 3 + 4 + 6*q - q**3. Let w be h(-12). Calculate the highest common divisor of 30 and w.
15
Let t be 1/(2 + (-14)/6). Let a be 2 + 1 + 1 + t. Let n(c) = c + 10. Let u be n(-5). Calculate the greatest common factor of a and u.
1
Suppose k = -3*o + 561, 3*o + k + 2*k = 561. Let z be 3026/o + 4/(-22). Calculate the highest common divisor of z and 2.
2
Let y = 20 + 6. Let o be 5/(-25) - (-72)/(-15). Let x be 5559/85 - (-2)/o. Calculate the highest common divisor of x and y.
13
Let p(z) = -3*z - 166. Let f be p(-57). Suppose 4*c - 11 = 9. What is the highest common factor of f and c?
5
Let t be 3*5*(5 - 2). Let j be 3 - (4*-37)/4. Let z be -1 + 2 - j/(-5). Calculate the highest common factor of z and t.
9
Let s be (-3)/18 - (-76)/24. Suppose s*w + 0*c = -4*c + 48, 0 = 2*w + 4*c - 32. What is the greatest common factor of 144 and w?
16
Let d be (2 - (-30 - -1)) + 2. Let j(z) = -20*z + 442. Let p be j(21). What is the highest common factor of d and p?
11
Let o(l) = -13*l + 5. Let j be o(0). Suppose -4*z - z - 2*g = -27, -21 = -4*z - g. What is the greatest common divisor of z and j?
5
Let d = 8 - 4. Let c be 32 + (5 - 4 - -2). Suppose c = d*s - 13. Calculate the highest common factor of s and 8.
4
Suppose 0 = -3*a - j + 26, -7*a - 5*j = -5*a. Calculate the highest common factor of a and 530.
10
Let g be (45/6)/5*896/3. What is the highest common factor of 14 and g?
14
Let b be (-15)/(1/(-1))*5/15. What is the greatest common divisor of b and 25?
5
Let x(s) = s**3 - 7*s**2 - 6*s - 10. Let n be x(8). Suppose -471 = -3*b + 96. Let y be (3 + -1)/(n/b). What is the highest common factor of 9 and y?
9
Suppose 4*v = -4*w + 1012, -61*v - 2 = -63*v. What is the greatest common divisor of w and 112?
28
Suppose -12*z + 112 = -5*z. Suppose -4*r + 100 = -5*r. Let y be (64/10)/((-10)/r). What is the highest common divisor of y and z?
16
Let k(m) = -m**2 + 10*m + 10. Let j be k(5). Let z = -16 + j. Suppose 14*y + 150 = z*y. What is the greatest common divisor of y and 3?
3
Suppose -2*t - 4*l + 14 + 10 = 0, 0 = -2*t + 2*l - 6. Let g be 1057/(-56) + t/(-16). Let p = 34 + g. What is the highest common divisor of p and 45?
15
Let p(y) = y**3 - 2*y - 5. Let r be p(-2). Let n be r/(-36) + 918/8. What is the greatest common factor of n and 23?
23
Let l(s) = s**3 + 8*s**2 + 7*s - 7. Let m be l(-6). What is the highest common divisor of m and 575?
23
Let t = -6 - -30. Let y be (6 + 0)*(-4 + (-360)/(-54)). Calculate the highest common divisor of y and t.
8
Suppose 2*k = 6, 2*m + m + 33 = k. Let u = -5 - m. Suppose -u*n = -n - 760. Calculate the highest common divisor of n and 19.
19
Let c(u) = 2*u + 54. Let o be c(-16). What is the highest common factor of 55 and o?
11
Suppose -3*a + 6 = 0, 5*v - 6*a - 114 = -3*a. Let w = -7 - -10. Suppose 14 = h - x + 3*x, -w*x = -h + v. Calculate the highest common factor of 27 and h.
9
Suppose 0*m = 9*m + 2106. Let r = m - -696. What is the highest common factor of 42 and r?
42
Suppose 4*h + 1568 = 116*h. Let w = 196 + -70. What is the highest common factor of h and w?
14
Let i = 118 + -117. Suppose -h = -4 + i, -5*f + 45 = -5*h. What is the highest common factor of 108 and f?
12
Let c be (-1)/2 - (-102)/12. Let n be 5/20 + 670/c. Suppose -3*m + 4*u + 21 = -19, -u - 1 = 0. What is the greatest common divisor of n and m?
12
Suppose 5*s - 4 = 36. Suppose 0 = -5*l - q + 564, -2*q = -4*q + 8. Let h = 114 - l. What is the greatest common divisor of s and h?
2
Suppose 58 = -3*p + 5*p - 4*j, -3*p = 4*j - 127. Calculate the highest common divisor of p and 851.
37
Let s be (0 - 7)*60/(-14). Suppose 4*f - s = -2*f. Suppose -f*r + 2*r + 30 = 0. What is the highest common factor of r and 1?
1
Suppose 93*j - 4151 = 1063 - 471. Suppose -4*z + z = 2*t - 62, -t + z = -36. What is the highest common divisor of j and t?
17
Let a(g) = -g**3 - 10*g**2 + 14*g + 34. Let d be a(-11). What is the greatest common factor of d and 5?
1
Suppose -5*u = -y + 5100, -3*u + u - 2*y = 2028. Let b = -634 - u. Calculate the highest common factor of b and 35.
35
Let x be 2/7 + (-11484)/(-231). Calculate the greatest common factor of 225 and x.
25
Let m(j) be the first derivative of j**4/4 + 7*j**3/3 - 5*j**2/2 - 7*j - 15. Let w be m(-7). Calculate the greatest common divisor of 14 and w.
14
Let x = 799 - -27. Calculate the highest common divisor of x and 28.
14
Let z be (-66 + -429)*(0 + -1 - 2). Calculate the highest common factor of z and 198.
99
Let p be 6/(-12)*-11*14. Calculate the greatest common factor of p and 66.
11
Suppose 5*c - 3*n = 36, 5*n = -4*c + 5*c + 6. Let h(d) = 4*d - 20. Let b be h(c). Calculate the highest common divisor of b and 40.
8
Let c = -79 - -99. Suppose -19*h = -c*h + 22. Calculate the greatest common factor of 11 and h.
11
Let q = -214 + 231. Let f(d) = -10*d + 8. Let b be f(-6). Calculate the greatest common divisor of q and b.
17
Suppose -19*c + 264 = -420. Calculate the highest common divisor of 459 and c.
9
Let u be 56/(-5)*(-9 - 20/(-5)). What is the highest common factor of u and 42?
14
Let s be (-3 + (74/10 - 5))*-115. What is the highest common factor of s and 92?
23
Let l(b) = -2*b**3 - 14*b**2 - 4*b - 18. Let a be l(-7). Calculate the greatest common divisor of 230 and a.
10
Let h be (-2)/(-7) - (-185173)/581. Calculate the greatest common divisor of 29 and h.
29
Let v = -2180 - -2194. What is the highest common factor of v and 14?
14
Let v(b) = 5 - 7 + b**2 - 2*b + 2*b**2 + 13*b**3. Let y = -27 - -29. Let x be v(y). What is the greatest common factor of x and 11?
11
Suppose 0 = 3*r - 9, -2*r - 32 + 2 = -4*p. Let s be (3/p)/(3/45). Suppose -162 = -s*y - 47. What is the highest common factor of 138 and y?
23
Suppose -9 = q - 3*g, q - 40 =